{"id":32,"date":"2024-07-22T10:28:49","date_gmt":"2024-07-22T10:28:49","guid":{"rendered":"https:\/\/dv-vv.de\/?page_id=32"},"modified":"2024-07-22T11:45:32","modified_gmt":"2024-07-22T11:45:32","slug":"information","status":"publish","type":"page","link":"https:\/\/dv-vv.de\/?page_id=32","title":{"rendered":"Information"},"content":{"rendered":"\n<div class=\"wp-block-group has-system-sans-serif-font-family has-global-padding is-layout-constrained wp-block-group-is-layout-constrained\" style=\"font-style:normal;font-weight:400;line-height:1.3\">\n<p style=\"font-size:clamp(22.041px, 1.378rem + ((1vw - 3.2px) * 2.053), 36px);font-style:normal;font-weight:700\">Information<\/p>\n\n\n\n<p><\/p>\n\n\n\n<p class=\"has-medium-font-size\"><strong>Auszug aus der Satzung des Vereins \u00a7 2 Zweck<\/strong><\/p>\n\n\n\n<ol class=\"wp-block-list\">\n<li style=\"margin-top:var(--wp--preset--spacing--10);margin-bottom:var(--wp--preset--spacing--10);line-height:1.5\">Der Zweck des Vereins ist die Organisation des in \u00a7 55 Satz 5 AwSV geforderten Erfahrungsaustauschs der Sachverst\u00e4ndigenorganisationen, der im Folgenden als Vollversammlung bezeichnet wird, sowie dessen finanzielle Abwicklung<\/li>\n\n\n\n<li style=\"margin-top:var(--wp--preset--spacing--10);margin-bottom:var(--wp--preset--spacing--10)\">Die gesetzliche geforderte Vollversammlung oder weitere Sonder-Vollversammlungen zu speziellen Themen werden in geeigneten Lokalit\u00e4ten veranstaltet. F\u00fcr die Teilnahme an diesen gesetzlich geforderten Vollversammlungen und deren Vorbereitungen durch den Koordinierungskreis gem\u00e4\u00df Gesch\u00e4ftsordnung der Vollversammlung (im Folgenden KOK genannt) wird den Sachverst\u00e4ndigenorganisationen eine j\u00e4hrliche Kostenpauschale durch den DV-VV e.V. in Rechnung gestellt, mit der die Kosten der Vollversammlung und deren Vorbereitung im Rahmen des KOK gedeckt sind, sowie notwendige R\u00fccklagen f\u00fcr die kommende Veranstaltung eingerichtet werden d\u00fcrfen. Die Kosten f\u00fcr die Sonder-Vollversammlungen werden vom DV-VV e.V. an die teilnehmenden Sachverst\u00e4ndigenorganisationen weiterberechnet. <\/li>\n\n\n\n<li style=\"margin-top:var(--wp--preset--spacing--10);margin-bottom:var(--wp--preset--spacing--10)\">Die H\u00f6he der j\u00e4hrlichen Kostenpauschale wird durch die Vollversammlung festgelegt. <\/li>\n\n\n\n<li style=\"margin-top:var(--wp--preset--spacing--10);margin-bottom:var(--wp--preset--spacing--10)\">Weiterhin werden durch den Verein s\u00e4mtliche KOK-Sitzungen organisiert.<\/li>\n<\/ol>\n<\/div>\n","protected":false},"excerpt":{"rendered":"<p>Information Auszug aus der Satzung des Vereins \u00a7 2 Zweck<\/p>\n","protected":false},"author":1,"featured_media":0,"parent":0,"menu_order":0,"comment_status":"closed","ping_status":"closed","template":"page-wide","meta":{"footnotes":""},"class_list":["post-32","page","type-page","status-publish","hentry"],"_links":{"self":[{"href":"https:\/\/dv-vv.de\/index.php?rest_route=\/wp\/v2\/pages\/32","targetHints":{"allow":["GET"]}}],"collection":[{"href":"https:\/\/dv-vv.de\/index.php?rest_route=\/wp\/v2\/pages"}],"about":[{"href":"https:\/\/dv-vv.de\/index.php?rest_route=\/wp\/v2\/types\/page"}],"author":[{"embeddable":true,"href":"https:\/\/dv-vv.de\/index.php?rest_route=\/wp\/v2\/users\/1"}],"replies":[{"embeddable":true,"href":"https:\/\/dv-vv.de\/index.php?rest_route=%2Fwp%2Fv2%2Fcomments&post=32"}],"version-history":[{"count":4,"href":"https:\/\/dv-vv.de\/index.php?rest_route=\/wp\/v2\/pages\/32\/revisions"}],"predecessor-version":[{"id":100,"href":"https:\/\/dv-vv.de\/index.php?rest_route=\/wp\/v2\/pages\/32\/revisions\/100"}],"wp:attachment":[{"href":"https:\/\/dv-vv.de\/index.php?rest_route=%2Fwp%2Fv2%2Fmedia&parent=32"}],"curies":[{"name":"wp","href":"https:\/\/api.w.org\/{rel}","templated":true}]}}